ommon factor of 44 and 20476.
4
Calculate the greatest common divisor of 33 and 1083126.
33
What is the highest common factor of 365 and 25600?
5
Calculate the highest common factor of 2755 and 225530.
95
What is the highest common divisor of 3008 and 120884?
188
What is the greatest common divisor of 75406 and 444?
74
What is the greatest common divisor of 56 and 3311?
7
Calculate the greatest common divisor of 79794 and 88.
22
Calculate the greatest common divisor of 4491 and 123253.
499
Calculate the greatest common factor of 2470681 and 1145.
229
Calculate the highest common factor of 361564 and 85156.
1396
Calculate the greatest common divisor of 39283 and 1304.
163
What is the greatest common factor of 409377 and 11517?
1047
What is the highest common factor of 109408 and 416?
416
What is the highest common factor of 13671 and 1116?
279
What is the greatest common factor of 4118 and 638?
58
What is the greatest common factor of 2488647 and 357?
357
What is the highest common factor of 293 and 4544723?
293
What is the greatest common divisor of 3477 and 61?
61
What is the greatest common factor of 8705943 and 18?
9
Calculate the highest common divisor of 11776752 and 1872.
1872
What is the greatest common divisor of 6675 and 7209?
267
What is the highest common factor of 1932 and 947784?
276
What is the greatest common factor of 2533 and 1788?
149
Calculate the highest common divisor of 9972480 and 480.
480
What is the greatest common divisor of 90 and 11940?
30
What is the greatest common divisor of 230346 and 12?
6
What is the highest common factor of 1040 and 692848?
208
Calculate the highest common factor of 698 and 166473.
349
What is the highest common factor of 160794 and 333?
9
Calculate the greatest common divisor of 89 and 85.
1
Calculate the highest common divisor of 11227 and 26269.
109
What is the highest common factor of 1630099 and 587?
587
What is the greatest common divisor of 40 and 2248?
8
Calculate the greatest common divisor of 105266 and 3577.
511
Calculate the greatest common divisor of 1840 and 560.
80
What is the highest common factor of 35 and 69517?
7
Calculate the greatest common factor of 1106875 and 46.
23
What is the highest common divisor of 1828 and 360?
4
What is the greatest common divisor of 1036 and 126133?
259
What is the highest common factor of 352 and 20388192?
352
What is the highest common divisor of 2366281 and 7412?
1853
What is the greatest common divisor of 3 and 47043?
3
What is the highest common factor of 9522 and 225?
9
What is the greatest common factor of 144 and 43380?
36
What is the greatest common divisor of 229923 and 531?
531
Calculate the highest common factor of 4375 and 285.
5
What is the highest common divisor of 7267 and 8112?
169
What is the highest common divisor of 5511 and 99?
33
What is the greatest common factor of 3540 and 19650?
30
Calculate the highest common factor of 235 and 6405.
5
Calculate the highest common factor of 27248 and 88294.
262
Calculate the highest common divisor of 614856 and 3562.
274
What is the greatest common factor of 1014 and 758?
2
Calculate the highest common factor of 254378 and 2.
2
Calculate the highest common divisor of 13073 and 62289.
769
Calculate the greatest common factor of 16601 and 325.
13
Calculate the highest common divisor of 3315 and 78115.
85
Calculate the greatest common divisor of 92019 and 555.
111
Calculate the highest common divisor of 17 and 166379.
17
Calculate the greatest common factor of 24 and 73464.
24
Calculate the highest common factor of 2238 and 366.
6
What is the highest common factor of 315980 and 140?
140
Calculate the highest common divisor of 48741 and 105.
21
Calculate the highest common divisor of 32 and 79544.
8
Calculate the greatest common factor of 26852 and 5180.
28
Calculate the greatest common divisor of 24725 and 40549.
989
Calculate the greatest common divisor of 917 and 68251.
131
What is the greatest common divisor of 30433 and 117?
13
What is the highest common factor of 121830 and 2170?
310
What is the highest common divisor of 370 and 205?
5
What is the highest common divisor of 21 and 1199163?
21
What is the greatest common factor of 35275 and 425?
425
What is the greatest common divisor of 13483 and 3007?
97
Calculate the greatest common factor of 582208 and 10.
2
What is the greatest common divisor of 1798 and 6?
2
What is the greatest common divisor of 11170 and 50?
10
What is the highest common factor of 143 and 7033?
13
Calculate the greatest common divisor of 1748 and 35006.
46
Calculate the highest common divisor of 2712 and 88818.
678
Calculate the greatest common divisor of 336 and 319200.
336
Calculate the greatest common factor of 3855 and 3645.
15
Calculate the greatest common factor of 84 and 16604.
28
What is the highest common factor of 16359 and 1729?
133
What is the greatest common factor of 42651 and 42?
21
Calculate the greatest common factor of 42936 and 5232.
24
Calculate the greatest common factor of 3008 and 64576.
64
What is the greatest common factor of 8 and 409636?
4
Calculate the highest common factor of 320 and 46840.
40
Calculate the greatest common divisor of 54 and 267678.
54
What is the highest common divisor of 442 and 357?
17
What is the greatest common divisor of 272 and 768?
16
What is the highest common divisor of 103151 and 2318?
1159
Calculate the greatest common factor of 945 and 8565.
15
Calculate the highest common factor of 26 and 6344.
26
What is the greatest common divisor of 2407 and 664?
83
Calculate the greatest common divisor of 126511 and 341.
341
What is the greatest common factor of 424561 and 635?
127
Calculate the highest common factor of 20159 and 1615.
19
What is the greatest common divisor of 18750 and 190?
10
Calculate the greatest common divisor of 171683 and 170.
17
What is the greatest common factor of 399 and 3276?
21
Calculate the greatest common divisor of 283481 and 11.
11
What is the greatest common factor of 990 and 5322735?
495
What is the greatest common divisor of 22952 and 228?
76
What is the highest common divisor of 278137 and 17?
17
Calculate the greatest common factor of 668951 and 344.
43
What is the highest common factor of 161078 and 2322?
86
What is the highest common factor of 13 and 215189?
13
What is the highest common factor of 4292 and 3478?
74
Calculate the greatest common divisor of 48280 and 120.
40
Calculate the highest common divisor of 1256 and 193738.
314
Calculate the greatest common divisor of 1440527 and 55.
11
Calculate the greatest common divisor of 7008 and 1248.
96
Calculate the greatest common divisor of 132 and 1205732.
44
What is the greatest common divisor of 2728 and 5270?
62
What is the highest common divisor of 1491 and 4662?
21
Calculate the highest common factor of 690 and 10810.
230
Calculate the greatest common divisor of 26611 and 15041.
1157
Calculate the highest common divisor of 84 and 19208.
28
What is the highest common divisor of 2600 and 4002700?
1300
What is the greatest common factor of 15167 and 783?
29
Calculate the greatest common divisor of 109330 and 870.
290
What is the greatest common factor of 15 and 12264060?
15
What is the highest common factor of 1584 and 758604?
132
What is the highest common divisor of 581632 and 1792?
256
Calculate the highest common divisor of 2830 and 211684.
566
Calculate the highest common divisor of 121064 and 592.
296
What is the highest common factor of 4644810 and 162?
54
Calculate the greatest common factor of 24634 and 22454.
218
Calculate the highest common divisor of 6534 and 4719.
363
What is the highest common divisor of 6745 and 105080?
355
What is the highest common divisor of 41 and 291?
1
Calculate the greatest common divisor of 247 and 14755.
13
Calculate the greatest common factor of 10804 and 4958.
74
Calculate the highest common factor of 7476 and 3276.
84
Calculate the greatest common factor of 132824 and 32.
8
What is the highest common factor of 115 and 4715?
115
What is the highest common divisor of 343 and 38759?
343
What is the greatest common divisor of 39918 and 48?
6
What is the highest common divisor of 22253 and 374?
187
What is the greatest common factor of 4870 and 22889?
487
Calculate the greatest co